 8) in base 16?
c
Convert -12 (base 11) to base 6.
-21
Convert 4a (base 15) to base 9.
77
-68 (base 15) to base 14
-70
4 (base 5) to base 16
4
What is a3 (base 15) in base 12?
109
23 (base 5) to base 7
16
1 (base 8) to base 7
1
0 (base 2) to base 7
0
What is -1101 (base 2) in base 8?
-15
-44 (base 9) to base 4
-220
What is -2 (base 13) in base 7?
-2
What is -5 (base 16) in base 14?
-5
Convert -a2 (base 11) to base 3.
-11011
-17 (base 9) to base 13
-13
Convert -1 (base 2) to base 4.
-1
-2e (base 15) to base 6
-112
What is -67 (base 11) in base 10?
-73
Convert -36 (base 10) to base 4.
-210
What is -30 (base 6) in base 3?
-200
Convert 68 (base 14) to base 12.
78
-4 (base 14) to base 13
-4
Convert 42 (base 15) to base 7.
116
6 (base 14) to base 3
20
140 (base 5) to base 10
45
What is 25 (base 12) in base 7?
41
What is -22 (base 12) in base 6?
-42
Convert -9 (base 12) to base 16.
-9
-234 (base 7) to base 13
-96
Convert 0 (base 3) to base 11.
0
-1110 (base 2) to base 13
-11
What is -6c (base 13) in base 9?
-110
Convert 1 (base 5) to base 10.
1
Convert -255 (base 7) to base 6.
-350
What is 16 (base 13) in base 6?
31
-605 (base 7) to base 9
-362
-2 (base 12) to base 14
-2
Convert 10 (base 6) to base 8.
6
45 (base 9) to base 12
35
What is 3 (base 11) in base 13?
3
What is 18 (base 16) in base 5?
44
Convert -10101 (base 3) to base 10.
-91
5 (base 12) to base 11
5
What is 3 (base 16) in base 12?
3
Convert 5 (base 8) to base 4.
11
Convert -16 (base 7) to base 13.
-10
Convert 4 (base 14) to base 2.
100
Convert -169 (base 12) to base 9.
-270
What is 20 (base 14) in base 12?
24
Convert -59 (base 12) to base 7.
-126
0 (base 11) to base 8
0
What is 20 (base 5) in base 7?
13
What is 101 (base 2) in base 8?
5
Convert 1 (base 9) to base 11.
1
Convert 56 (base 10) to base 13.
44
-298 (base 10) to base 6
-1214
What is 3 (base 16) in base 11?
3
Convert -5 (base 16) to base 8.
-5
3 (base 4) to base 12
3
5 (base 16) to base 14
5
What is 177 (base 10) in base 6?
453
-22 (base 4) to base 5
-20
-114 (base 6) to base 5
-141
3 (base 10) to base 5
3
What is 4 (base 7) in base 3?
11
-101111100 (base 2) to base 8
-574
Convert -3 (base 12) to base 4.
-3
101111 (base 2) to base 3
1202
-6c (base 14) to base 11
-88
What is -22 (base 3) in base 14?
-8
21 (base 7) to base 14
11
10 (base 3) to base 14
3
-85 (base 9) to base 7
-140
What is -20 (base 4) in base 7?
-11
What is -1203 (base 5) in base 9?
-217
Convert -115 (base 13) to base 2.
-10111011
11 (base 5) to base 2
110
Convert -5 (base 15) to base 14.
-5
-6 (base 15) to base 3
-20
What is -1 (base 9) in base 8?
-1
Convert 133 (base 4) to base 11.
29
-10 (base 9) to base 2
-1001
What is 1 (base 5) in base 6?
1
0 (base 16) to base 8
0
What is 13 (base 13) in base 5?
31
Convert 211 (base 6) to base 4.
1033
What is 134 (base 5) in base 2?
101100
What is 74 (base 8) in base 14?
44
What is 100212 (base 3) in base 2?
100001010
What is 10 (base 3) in base 8?
3
Convert 105 (base 16) to base 5.
2021
-3e (base 16) to base 12
-52
What is -15 (base 14) in base 10?
-19
3 (base 5) to base 13
3
Convert -1 (base 12) to base 13.
-1
What is 1022 (base 4) in base 3?
2202
-f (base 16) to base 5
-30
What is -1 (base 3) in base 5?
-1
Convert -8 (base 12) to base 14.
-8
-63 (base 9) to base 13
-45
Convert -115 (base 7) to base 13.
-49
Convert 1 (base 8) to base 15.
1
Convert -4 (base 11) to base 14.
-4
What is -27 (base 9) in base 14?
-1b
What is -2 (base 9) in base 7?
-2
Convert 0 (base 8) to base 7.
0
11 (base 8) to base 7
12
7 (base 12) to base 9
7
What is -431 (base 5) in base 4?
-1310
-162 (base 11) to base 12
-139
What is -72 (base 8) in base 3?
-2011
-1300 (base 4) to base 3
-11011
Convert e (base 15) to base 12.
12
What is -77 (base 12) in base 2?
-1011011
-18 (base 10) to base 2
-10010
Convert 3 (base 8) to base 9.
3
-14 (base 14) to base 4
-102
Convert -7 (base 12) to base 3.
-21
624 (base 7) to base 5
2222
What is 5 (base 16) in base 13?
5
Convert 3 (base 16) to base 6.
3
Convert 11110010 (base 2) to base 9.
288
What is -2423 (base 5) in base 10?
-363
-1 (base 11) to base 3
-1
Convert 1023 (base 6) to base 13.
14a
What is -213 (base 7) in base 5?
-413
What is -1220 (base 4) in base 14?
-76
What is -11 (base 3) in base 10?
-4
What is 4 (base 5) in base 12?
4
Convert 3 (base 7) to base 13.
3
Convert -a (base 12) to base 16.
-a
-115 (base 6) to base 15
-32
Convert e3 (base 15) to base 9.
256
Convert -15 (base 12) to base 14.
-13
4 (base 6) to base 11
4
35 (base 7) to base 16
1a
Convert -7 (base 10) to base 8.
-7
Convert -2 (base 16) to base 13.
-2
Convert -13 (base 15) to base 9.
-20
Convert 22 (base 5) to base 15.
c
What is 33 (base 4) in base 15?
10
What is -269 (base 10) in base 11?
-225
What is -65 (base 10) in base 11?
-5a
Convert -3 (base 7) to base 3.
-10
What is -101 (base 3) in base 13?
-a
Convert -4 (base 5) to base 10.
-4
What is 30 (base 4) in base 12?
10
What is -b (base 15) in base 14?
-b
-1 (base 15) to base 2
-1
What is 37 (base 15) in base 13?
40
100 (base 2) to base 12
4
Convert 5 (base 11) to base 3.
12
-1 (base 7) to base 5
-1
76 (base 9) to base 4
1011
-12202 (base 3) to base 11
-131
-4 (base 14) to base 15
-4
-46 (base 11) to base 8
-62
What is 20 (base 4) in base 5?
13
Convert -58 (base 12) to base 16.
-44
-c (base 15) to base 13
-c
-2 (base 15) to base 7
-2
6 (base 9) to base 5
11
What is -2102 (base 3) in base 5?
-230
Convert 6 (base 14) to base 4.
12
Convert 111 (base 3) to base 7.
16
What is 68 (base 11) in base 8?
112
Convert 1 (base 10) to base 13.
1
Convert 1 (base 16) to base 8.
1
Convert -1 (base 14) to base 2.
-1
Convert 3 (base 11) to base 2.
11
What is 4 (base 14) in base 10?
4
Convert 10 (base 10) to base 14.
a
Convert -31 (base 12) to base 11.
-34
Convert 7 (base 15) to base 14.
7
What is -43 (base 5) in base 11?
-21
Convert d (base 16) to base 12.
11
19 (base 13) to base 14
18
Convert 22 (base 5) to base 3.
110
Convert -1211 (base 4) to base 2.
-1100101
21 (base 12) to base 2
11001
Convert 12 (base 5) to base 8.
7
What is 9 (base 15) in base 9?
10
615 (base 7) to base 14
17c
What is -9 (base 12) in base 6?
-13
3 (base 8) to base 4
3
What is 21 (base 9) in base 11?
18
What is 2 (base 11) in base 12?
2
Convert -73 (base 14) to base 4.
-1211
What is 27 (base 8) in base 6?
35
-8 (base 14) to base 3
-22
-148 (base 10) to base 16
-94
What is -2 (base 4) in base 6?
-2
Convert 442 (base 6) to base 3.
20022
Convert a (base 11) to base 15.
a
What is -3 (base 8) in base 7?
-3
What is 1 (base 3) in base 12?
1
Convert 42 (base 5) to base 15.
17
What is b (base 12) in base 2?
1011
What is -a2 (base 11) in base 9?
-134
Convert 156 (base 7) to base 3.
10100
What is 0 (base 6) in base 2?
0
Convert -114 (base 11) to base 4.
-2020
Convert -1 (base 13) to base 6.
-1
-107 (base 14) to base 10
-203
Convert 53 (base 13) to base 16.
44
What is -133 (base 16) in base 11?
-25a
11 (base 2) to base 8
3
1b (base 16) to base 4
123
-1121 (base 4) to base 13
-6b
Convert 14 (base 9) to base 13.
10
What is 3 (base 15) in base 11?
3
Convert 0 (base 7) to base 16.
0
0 (base 13) to base 16
0
-22 (base 14) to base 12
-26
Convert 1 (base 4) to base 5.
1
8 (base 14) to base 16
8
Convert -4 (base 13) to base 2.
-100
What is -103 (base 4) in base 11?
-18
Convert 15 (base 12) to base 5.
32
Convert -15 (base 8) to base 13.
-10
Convert -2 (base 6) to base 10.
-2
Convert -3 (base 16) to base 10.
-3
-8 (base 12) to base 7
-11
Convert 3 (base 10) to base 16.
3
1202 (base 4) to base 7
200
10 (base 3) to base 2
11
Convert -12 (base 10) to base 11.
-11
What is -11 (base 2) in base 5?
-3
Convert -100 (base 2) to base 10.
-4
120 (base 3) to base 16
f
What is 138 (base 14) in base 10?
246
-2 (base 13) to base 7
-2
4 (base 14) to base 5
4
What is 4 (base 5) in base 2?
100
-20 (base 16) to base 11
-2a
What is -1 (base 10) in base 11?
-1
Convert -1 (base 15) to base 7.
-1
-8b (base 14) to base 10
-123
What is -110 (base 2) in base 10?
-6
Convert -2401 (base 5) to base 16.
-15f
What is -1 (base 2) in base 14?
-1
Convert -7 (base 11) to base 7.
-10
Convert -3b (base 13) to base 9.
-55
101011 (base 2) to base 3
1121
Convert -21 (base 3) to base 4.
-13
-8 (base 14) to base 3
-22
What is -1a (base 12) in base 11?
-20
Convert -1 (base 6) to base 9.
-1
-23 (base 5)